common factor of 25742 and 10305462.
122
Calculate the highest common factor of 441 and 11322087.
147
What is the greatest common divisor of 238702486 and 154?
22
Calculate the greatest common factor of 67431 and 107331.
399
Calculate the greatest common factor of 3180 and 336360.
60
Calculate the highest common divisor of 133224 and 73.
1
Calculate the greatest common factor of 465 and 1508615.
155
Calculate the highest common factor of 5860745 and 3163435.
6215
Calculate the greatest common factor of 8181338 and 672826.
5654
Calculate the highest common divisor of 7617 and 138804591.
7617
Calculate the greatest common factor of 81324 and 348388.
1004
What is the highest common divisor of 11 and 25227697?
11
Calculate the greatest common factor of 240776 and 29976.
8
Calculate the greatest common divisor of 62767 and 4311820.
2729
Calculate the greatest common divisor of 24715068 and 36.
12
Calculate the highest common divisor of 5527480 and 39900.
2660
What is the highest common divisor of 22572 and 4381956?
36
Calculate the greatest common divisor of 27148 and 1879382.
1234
Calculate the highest common divisor of 113296468 and 76.
76
Calculate the highest common factor of 36 and 257094252.
36
What is the highest common factor of 1351 and 9583?
7
What is the greatest common divisor of 5610230 and 1744?
218
What is the highest common divisor of 6106 and 166232797?
3053
Calculate the highest common divisor of 695557 and 365752.
349
Calculate the highest common divisor of 6883793 and 84.
7
What is the highest common divisor of 4242950 and 175?
25
What is the greatest common divisor of 226530525 and 65?
65
Calculate the highest common divisor of 39 and 379169193.
39
Calculate the highest common factor of 20890697 and 217923.
4273
Calculate the greatest common divisor of 667962 and 2529.
9
Calculate the greatest common factor of 118824 and 68088.
24
Calculate the highest common factor of 427318529 and 11.
11
Calculate the highest common divisor of 2193 and 341592.
129
What is the highest common divisor of 374 and 11678354?
34
What is the highest common factor of 6216982372 and 284?
284
Calculate the greatest common divisor of 2256 and 12882864.
48
What is the highest common factor of 159 and 3112743?
159
Calculate the greatest common divisor of 18276 and 417210620.
6092
What is the highest common factor of 6299160 and 34440?
840
What is the greatest common factor of 9587673 and 2187?
27
What is the highest common divisor of 527 and 108323393?
31
Calculate the highest common divisor of 892175 and 4545175.
7025
What is the greatest common factor of 19 and 8013041?
19
What is the greatest common divisor of 3895 and 61467815?
205
Calculate the greatest common factor of 217 and 5047513.
31
Calculate the greatest common factor of 128926770 and 40.
10
Calculate the highest common factor of 1241730 and 64638.
3402
Calculate the highest common factor of 80 and 4635160.
40
Calculate the greatest common divisor of 4938883 and 44367.
643
What is the highest common divisor of 284 and 405197?
71
What is the highest common divisor of 16780450 and 250?
50
What is the highest common divisor of 29997107 and 174?
29
What is the highest common factor of 9864 and 1120248?
72
Calculate the greatest common factor of 8638 and 120427294.
1234
Calculate the greatest common factor of 27882 and 7614.
18
Calculate the highest common divisor of 24 and 72408438.
6
Calculate the highest common factor of 1267 and 10547956.
181
Calculate the highest common factor of 34377502 and 272.
34
What is the greatest common factor of 10243989 and 30429?
1323
Calculate the greatest common divisor of 198562 and 576758.
182
Calculate the greatest common divisor of 38843 and 91574.
217
What is the greatest common factor of 4524 and 1819267788?
4524
Calculate the greatest common divisor of 264 and 13565160.
24
What is the highest common factor of 87792 and 8401?
31
Calculate the greatest common factor of 919544 and 253313.
137
Calculate the greatest common divisor of 1335940 and 420.
20
Calculate the greatest common factor of 2794746 and 5306.
758
Calculate the greatest common divisor of 7785915 and 3315.
255
Calculate the greatest common divisor of 6398 and 61443193.
3199
Calculate the highest common factor of 58823631 and 27.
27
What is the highest common divisor of 9961036 and 1376?
172
What is the highest common factor of 702323820 and 94?
94
Calculate the greatest common factor of 43666492 and 8908.
524
Calculate the highest common divisor of 2179413 and 12184.
1523
Calculate the highest common divisor of 2522 and 14065298.
26
Calculate the highest common divisor of 258 and 22664397.
129
What is the highest common divisor of 297 and 887395311?
297
Calculate the greatest common factor of 420 and 694892520.
420
What is the highest common factor of 18819612 and 261324?
4284
Calculate the highest common divisor of 750150 and 474.
6
Calculate the greatest common factor of 16 and 207534.
2
What is the highest common divisor of 28 and 57554?
14
What is the greatest common divisor of 200601497 and 116?
29
Calculate the highest common factor of 3423 and 902853.
21
What is the highest common factor of 233130 and 246354?
114
Calculate the highest common factor of 29810340 and 13806.
1062
Calculate the highest common divisor of 56064 and 8480337.
219
What is the highest common divisor of 40 and 112349?
1
What is the highest common factor of 4845928 and 602?
86
Calculate the highest common divisor of 1061584 and 56.
8
What is the greatest common divisor of 20070 and 3190684?
446
Calculate the greatest common factor of 182 and 104101816.
182
Calculate the highest common factor of 338 and 2468089.
13
What is the highest common factor of 792 and 597609?
9
Calculate the greatest common factor of 8 and 108309986.
2
What is the greatest common divisor of 1960 and 9400895?
245
What is the greatest common factor of 55599380 and 116?
116
What is the highest common factor of 9385808 and 1192?
1192
What is the greatest common factor of 592 and 1931024?
16
What is the greatest common factor of 244365 and 3960?
165
What is the highest common divisor of 356532444 and 5328?
1332
What is the highest common divisor of 325 and 6799?
13
What is the highest common divisor of 2900 and 296424950?
1450
Calculate the greatest common divisor of 126055 and 194905.
85
What is the highest common divisor of 774729785 and 3395?
485
Calculate the highest common factor of 313469346 and 466.
466
What is the greatest common divisor of 55409155 and 387?
43
What is the greatest common divisor of 2500 and 71663125?
625
Calculate the greatest common factor of 5771824 and 656.
16
What is the greatest common divisor of 526 and 4159396022?
526
What is the highest common divisor of 588530 and 13878?
514
What is the highest common divisor of 5525942 and 433997?
4297
What is the greatest common factor of 30 and 138544575?
15
Calculate the greatest common divisor of 1063599 and 33.
3
Calculate the greatest common factor of 3878 and 117105074.
554
Calculate the greatest common factor of 54978 and 173019.
1617
Calculate the highest common divisor of 1390438 and 126.
14
What is the greatest common factor of 2529009 and 81?
27
Calculate the highest common divisor of 26828 and 1906906.
706
Calculate the greatest common factor of 20 and 3763115.
5
What is the highest common factor of 2679 and 634641?
141
What is the highest common divisor of 154648 and 5902?
26
Calculate the greatest common divisor of 180 and 2730690.
90
Calculate the greatest common factor of 2503320 and 483.
69
Calculate the greatest common divisor of 187041 and 1191.
3
What is the greatest common divisor of 325684888 and 2022?
674
What is the highest common factor of 13048974 and 3532?
1766
Calculate the greatest common divisor of 3978172 and 25080.
44
Calculate the highest common factor of 175044 and 220632.
348
Calculate the greatest common divisor of 13994140 and 14060.
740
Calculate the greatest common factor of 5298 and 1423914.
6
What is the highest common factor of 2822 and 1050526186?
2822
What is the greatest common divisor of 21990087 and 207081?
1197
What is the highest common divisor of 44 and 78878316?
44
What is the highest common factor of 275 and 1402175?
25
Wha